/35*10/3. Suppose -l = 4*w - 5*w. Calculate the remainder when m is divided by w.
10
Let r(q) = -q**2 - 5*q - 1. Suppose -8 = -0*z + 2*z. Calculate the remainder when (0 - -9) + (-1 - 0) is divided by r(z).
2
Let d be 16/(-6)*(-423)/12. What is the remainder when 26 is divided by d/10 - 6/(-10)?
6
Let r = 97 - 63. Suppose 4*i = 4*o - 48, -o - i = -6*i. Calculate the remainder when o is divided by 3/(-6) - r/(-4).
7
Let j(p) = -p**2 + 8*p - 13. Let m be j(7). Let y = 19 - m. What is the remainder when y is divided by 13?
12
Let r = 9 + 4. Let w = r + -2. What is the remainder when 19 is divided by w?
8
Suppose 5*i + 25 = 10*i. Calculate the remainder when i is divided by 5.
0
Let b be (-33)/22*28/(-6). Let m = b + -2. Calculate the remainder when 13 is divided by m.
3
Let q be -1 - 1*(4 - 0). Let u = q - -7. What is the remainder when 37 is divided by -26*1*(-1)/u?
11
Let g = -26 + 32. What is the remainder when 10 is divided by g?
4
Let p(w) = -w**2 + w + 19. Let g = 4 + -4. Suppose g = -3*b + 15 + 15. Calculate the remainder when p(0) is divided by b.
9
Let y(q) = -5*q + 33. Calculate the remainder when 10 is divided by y(6).
1
Suppose 3*d - 128 = 1. Calculate the remainder when d is divided by 22.
21
Suppose 0 = -4*u - 5*j - 20 + 128, -5*u + j = -135. Calculate the remainder when 133 is divided by u.
25
Suppose o = 4*o + 24. Let y = -6 - o. Suppose -v - y*v = -3*s - 135, 5*v - 216 = -4*s. Calculate the remainder when v is divided by 23.
21
Suppose -4*n + n + 116 = -w, -4*n = -w - 153. What is the remainder when n is divided by 13?
11
Calculate the remainder when 296 is divided by (-21 - -9)*27/(-12).
26
Suppose -u + 4*u + 33 = n, -u - 4*n = -2. Let t = -4 + u. What is the remainder when 13 is divided by (t/4)/((-8)/16)?
6
Suppose -2*m = -4*x + 34, -2*x - m + 7 = -0. Calculate the remainder when 230/x + (-3)/9 is divided by (-10)/(-3)*(2 + 1).
8
Let h = 45 + -26. Suppose l = s + 7 - 0, l = 4*s + h. Calculate the remainder when l is divided by (0 - 3)/((-9)/6).
1
Suppose -1 = -4*j - 5. Let g = j + 4. Suppose 82 = 2*o - 4*m, -5*m + 35 = g*o - 33. What is the remainder when o is divided by 11?
9
Suppose 8*m = 15*m - 224. What is the remainder when 106 is divided by m?
10
Suppose 3 - 17 = i - 5*m, -2*m = -3*i - 3. Suppose -u + 3*u - 23 = -3*n, -5*u + 110 = -3*n. Calculate the remainder when (1 + i)*(-330)/(-12) is divided by u.
17
Let h(x) = -2*x - 3. Let a(b) = -b**3 - 9*b**2 + 8*b - 12. Let u be a(-10). Suppose -3*p = -4*p - u. Calculate the remainder when h(p) is divided by 5.
3
Let d = -50 - -65. What is the remainder when 53 is divided by d?
8
Let b(y) = -2*y**2 - y. Let o be b(1). Suppose 0 = -3*n - 5*x + 18, n + 5*x + 1 - 7 = 0. What is the remainder when 3/((9/(-10))/o) is divided by n?
4
Suppose m + v - 2 = 0, -4*m + 32 = 3*v - 5*v. What is the remainder when m is divided by 2?
0
Suppose -4*k = -0*j - j - 99, 0 = 4*k + 2*j - 114. What is the remainder when 49 is divided by k?
23
Suppose -3*f = -2*j - 0*j + 12, 5*j = 3*f + 39. Let v = -35 - -51. Calculate the remainder when v is divided by j.
7
Let j = -167 - -272. Suppose 0 = -3*z - 177 - j. Calculate the remainder when (6/(-3))/4*z is divided by 16.
15
Suppose q = -0*q + 10. Calculate the remainder when 79 is divided by q.
9
What is the remainder when (-5010)/20*2/3*-1 is divided by 17?
14
Suppose -2*h + 39 = -9. Let x = h + -6. What is the remainder when x is divided by 10?
8
Let o(u) = -u**3 - 8*u**2 - 7*u + 10. Let i be (-92)/(-5) - 4/10. Calculate the remainder when 4/(-18) - (-346)/i is divided by o(-7).
9
Let l(x) = -x**3 + 24*x**2 + 53*x. What is the remainder when l(26) is divided by 7?
5
Let j be 3/6 - (-15)/(-6). Calculate the remainder when 19 is divided by (-1 + -2 - j) + 6.
4
Let u(h) = h**2 - 15*h + 26. What is the remainder when 44 is divided by u(14)?
8
Let b(h) be the first derivative of -2*h - 3*h**2 - 2 + 0*h + 0*h. What is the remainder when 28 is divided by b(-2)?
8
Let y(r) = 20*r - 1. Let l = 3 - 2. Suppose 0 = 2*u - 2*k - 4, 3*k = -u + 5 + 17. Calculate the remainder when y(l) is divided by u.
5
Let g(p) = -p + 36. What is the remainder when g(-11) is divided by 10?
7
Suppose 0*h = 3*h - 18. Suppose -d = -h*d. Suppose d = 2*f - 39 + 13. Calculate the remainder when 37 is divided by f.
11
Let n(z) = -z + 4. Let u = -53 - -29. Let m = u + 40. Calculate the remainder when m is divided by n(-5).
7
Let r = 99 - 72. Calculate the remainder when r is divided by 15.
12
Suppose -4*d = d - 5*w + 10, -2*w = -8. Calculate the remainder when -1 + 8*(1 - 0) is divided by d.
1
Calculate the remainder when 22 + (1 - (-2 - -1)) is divided by 16.
8
Suppose 8*t + 54 = 11*t. What is the remainder when t is divided by 7?
4
Suppose 2*y - y = -1. Let p = y - -4. What is the remainder when 7 is divided by p?
1
Let p be (-4 - -5)/((-1)/(-2)). Suppose -2*u = -p*a - 70, -3*a = 4*u - 59 - 46. Calculate the remainder when 87 is divided by u.
27
Let l be (0 - -3)*20/15. Suppose 8*v - a = l*v + 76, 0 = -5*a. What is the remainder when v is divided by 7?
5
Let u(r) = -r**3 - 12*r**2 - 5*r + 9. Calculate the remainder when u(-12) is divided by 19.
12
Let o(u) = -u**3 + 7*u**2 + 5. Let h be 4 + -2*(-9)/6. What is the remainder when o(h) is divided by 2?
1
Let y = 31 - 2. Calculate the remainder when y is divided by 18.
11
Let s = 48 + -31. Suppose 4*t + t - 245 = 0. What is the remainder when t is divided by s?
15
Let r be (-2)/(-5)*5 + -2. Suppose 5*i + 0*w = -3*w + 35, r = 4*i + 2*w - 26. Calculate the remainder when 15 is divided by i.
3
Calculate the remainder when (-1 - -2)*(-12 - -47) is divided by 13.
9
Calculate the remainder when 2*((-153)/2)/(-3) is divided by 2/(1 + 33/(-39)).
12
Let w = -39 - -56. What is the remainder when 152 is divided by w?
16
Suppose 26 + 4 = -2*d. Let n = d + 25. Calculate the remainder when n is divided by 6.
4
Calculate the remainder when 78 is divided by 14 - (5 + -1)/1.
8
Suppose 0*w - 16 = -4*w. Suppose -5 = -w*f + 3. Let m(s) = 18*s - 2. Calculate the remainder when m(f) is divided by 18.
16
Suppose -11*c + 20*c - 369 = 0. Calculate the remainder when 78 is divided by c.
37
Let f = -134 + 151. Calculate the remainder when 27 is divided by f.
10
Let o(p) = -6*p - 16. What is the remainder when o(-11) is divided by 13?
11
Let d(a) = -9*a - 11. What is the remainder when d(-5) is divided by 9?
7
Suppose 4*a - 30 = 2*a. What is the remainder when 42 is divided by a?
12
What is the remainder when 0 - (-3 + -10 + 0) is divided by 7?
6
Suppose 12 = k - 12. Let w = -36 + 81. What is the remainder when w is divided by k?
21
Let r = 6 - -8. Suppose -4*g - 2 + r = 0. What is the remainder when 6 is divided by g?
0
Let t(j) = -j**2 + 6*j - 1. What is the remainder when 13 is divided by t(1)?
1
Suppose 7 = 4*n - 37. Calculate the remainder when 42 is divided by n.
9
Let w be 6/(4 - 2) + -3. Suppose -4*m + 3*j + w*j = -133, -4*m + 134 = -2*j. Calculate the remainder when m is divided by ((-9)/1)/(2/(-2)).
7
Let y(m) = -34*m - 41. What is the remainder when y(-13) is divided by 67?
66
Let t(o) = -o - 2. Let y(j) = -3 + 4 - 2*j + 0*j - 3. What is the remainder when y(-3) is divided by t(-4)?
0
Let h = -13 + 19. Let n = -35 + 22. Let y = n - -30. Calculate the remainder when y is divided by h.
5
Let m(q) = -q**3 - 11*q**2 - 13*q - 5. Let u be m(-10). Let w = u - 17. What is the remainder when ((-2)/(-4))/(2/92) is divided by w?
7
Calculate the remainder when -6*-38*3/36 is divided by 6.
1
What is the remainder when 21 is divided by 10*((-63)/(-15) + -3)?
9
Let b = -19 + 11. Let q = 13 + b. Suppose -54 - 46 = -q*z. What is the remainder when z is divided by 11?
9
Let a be 3 - 4 - (-11 + -1). Let m(y) = a + 2*y + 3 - y. Calculate the remainder when m(0) is divided by 8.
6
Let q(p) = p**3 - 10*p**2 + 2*p + 6. What is the remainder when 77 is divided by q(10)?
25
Let h(x) = 32*x**2. Let l(t) = 2 + 0*t + 2*t - 5*t. What is the remainder when h(1) is divided by l(-3)?
10
Let j be ((-4)/7)/(4/(-14)). Suppose j*i = 5*r - 5, r = 5*i + 2*r + 53. Let c = i - -21. Calculate the remainder when c is divided by 6.
5
Suppose z + 41 = n, -4*n + 3*n + 5*z + 45 = 0. Let g(i) = -6 + i + 0*i + 20. Calculate the remainder when n is divided by g(0).
12
Let x = -25 - -29. What is the remaind